3 - 3*x**3 - 8*x**2 - x**3 + 7*x**3 + 9. Let t be m(9). Give b(t).
0
Let w(o) = -5*o - 4. Let x(v) = -6*v - 6. Let m(b) = -3*w(b) + 2*x(b). Let f(a) = -a + 8. Let h be f(6). Determine m(h).
6
Let u(o) = -o**3 - 7*o**2 - 5*o + 2. Let z be ((-14)/(-6))/((-7)/(-84)). Let b = 51 - z. Suppose b + 1 = -4*g. Give u(g).
-4
Let n(l) = -l - 10. Suppose -2*z = -4*h + 6, 0*z = 3*z - 3*h + 21. Calculate n(z).
1
Suppose -7*h = -4*h + j + 16, -5*h + j = 32. Let d(b) = b**2 + 11*b + 14. Calculate d(h).
-16
Suppose -3*a - 3 = -4*i + 6*i, -3*i - 6 = 3*a. Let n(q) = a - 3 + 5*q**2 - 8 + 6 - 3*q - q**3. What is n(4)?
0
Let f(c) = c**3 - 11*c**2 - 4*c + 38. Let n be f(11). Let h(k) = k**3 + 7*k**2 + 6*k - 6. Determine h(n).
-6
Suppose -17 = -5*p + 23. Suppose -v + p = v. Let b(n) be the second derivative of n**5/20 - 5*n**4/12 + n**3/2 + 5*n**2/2 - 5*n - 1. What is b(v)?
1
Let a(y) be the third derivative of -y**4/4 - y**3/2 - 76*y**2. Give a(-5).
27
Let p(s) = 7*s. Let v(n) = -3*n. Let j = -81 - -83. Let u(g) = j*p(g) + 5*v(g). What is u(6)?
-6
Let l(o) = 4*o**3 - 10*o**2 + 11*o. Let i(m) = -m**2 - m - 3. Let h be i(0). Let r(t) = -3*t**3 + 9*t**2 - 10*t + 1. Let y(j) = h*r(j) - 2*l(j). Give y(5).
-13
Let x = -267 - -274. Let h(j) = j**2 - 5*j - 6. Determine h(x).
8
Let b(q) = -q**2 + 9*q + 43. Let o be b(12). Let f(j) = -j**3 + 6*j**2 + 7*j + 3. Calculate f(o).
3
Let n(g) = 8*g**2 + 77*g + 77. Let i be n(-1). Let s(u) = -u - 2*u + 2*u - 2. Determine s(i).
-10
Suppose 0 = -4*z + 3*v - 1, -3*z + 0*v = -3*v + 3. Let l = 8 + -6. Let f(d) = -2 + 1 - 3*d + 3*d**l + 3. What is f(z)?
8
Let p(n) = n - 3. Let o(z) = -2*z + 5. Let v(x) = o(x) + 4*p(x). Suppose -9 = r - d, -4*r - 60 = 7*d - 3*d. Let m = 17 + r. Calculate v(m).
3
Let c = -41 - -39. Let b be 1 + 8/c + -1. Let w(m) = -2*m - 4. What is w(b)?
4
Let v(f) = -f**3 + 10*f**2 - 7*f - 15. Let u be v(9). Let m(c) = 8*c + 5*c - 5*c - u*c + 1. What is m(-1)?
-4
Let u(g) = 2*g - 6. Let b = 6 + -2. Let s be u(b). Let f(l) = -3*l + 7. Let t(j) = -j + 1. Let a(d) = -f(d) + 6*t(d). Calculate a(s).
-7
Suppose 0 = -2*q - 8 - 2. Let t(x) = 36*x**3 + 0*x - 37*x**3 + 3*x - 3 - 8*x - 6*x**2. Give t(q).
-3
Let u(l) = -10*l**3 + 26*l**2 + 7*l - 26. Let v(w) = -7*w**3 + 18*w**2 + 5*w - 18. Let r(t) = -5*u(t) + 7*v(t). Give r(3).
-5
Let w(d) = 16*d - 297. Let n(b) = 11*b - 200. Let p(k) = -7*n(k) + 5*w(k). What is p(27)?
-4
Let q(j) = 7*j**3 + j**2 + 7*j - 5. Let b(h) = 13*h**3 + 2*h**2 + 13*h - 9. Suppose -5*g + 3*y + y = 10, 29 = -4*g - y. Let v(t) = g*b(t) + 11*q(t). Give v(0).
-1
Let r(z) = z**2 - 27 - 55 + 90 - 10*z. Determine r(7).
-13
Let o(l) = 0*l + 5*l + 3 + 2*l + l**2. Suppose 4*q - 2*k + 31 = 11, 4*k = -8. What is o(q)?
-3
Let v(w) = -w + 5. Let q(y) = -y**2 + 8*y - 5. Let f be q(7). Suppose 0 = f*h - 57 - 17. Suppose 2*l + 13 = -3*n + h, 4*n - 12 = 4*l. What is v(n)?
-1
Let t(n) = -23*n**2 + 18*n**2 - 11 + 6*n**2. Give t(0).
-11
Let i(b) = 20 - 45276*b**2 + 45275*b**2 + 0*b + 6*b. Determine i(-3).
-7
Let k(x) = x**3. Let p(s) = -5*s**3 + 3*s**2 + s - 2. Let g(a) = 4*k(a) + p(a). What is g(3)?
1
Let u(t) = -t. Suppose -5*b - 1 = -11. Suppose -b*q + 58 = 24. Suppose -7 + q = -5*v. What is u(v)?
2
Let t(a) = 5*a - 5*a - 4*a + 2 - 5. Let z(l) = l - 1. Let p(j) = -t(j) + 2*z(j). Determine p(-1).
-5
Let f(o) = 7*o**3 + 10*o**2 - 3*o + 13. Let m(i) = -3*i**3 - 5*i**2 + 2*i - 6. Let u(s) = -2*f(s) - 5*m(s). Let g = 574 + -580. Calculate u(g).
-8
Let x be -4*1/(-10)*10. Let l(k) = -17*k**3 + 22*k**2 - 5*k - 9. Let j(s) = 5*s**3 - 7*s**2 + 2*s + 3. Let q(b) = 7*j(b) + 2*l(b). What is q(x)?
3
Let n = 6 + 0. Let c(a) = a + 3. Let t be c(3). Let i(q) = -q**2 + q - 6 + 4 + t*q. What is i(n)?
4
Let t(f) = -16*f - 19*f + 34*f + 1. Calculate t(-7).
8
Let i = -3 - -5. Let s(l) = -2 - 10*l - 11 - 4 + 11 - l**i. Give s(-10).
-6
Let p(q) = -10*q**2 - 11*q + 62. Let c(i) = -3*i**2 - 3*i + 20. Let z(r) = -7*c(r) + 2*p(r). Determine z(4).
-4
Let h(b) = b + 15. Suppose 3*f + 67 = -5*j, f + 0*f + 59 = -5*j. Let z be h(j). Let q(k) = -k**2 + 2*k + 1. Give q(z).
-7
Let m(u) be the third derivative of -u**5/60 + u**4/4 + 2*u**3/3 + 125*u**2. Give m(5).
9
Let t(d) be the third derivative of -d**5/60 + d**4/24 - 5*d**3/2 - 21*d**2. Let b = 20 + -10. Let i = 10 - b. What is t(i)?
-15
Let w(s) = 11*s**2 - s + 5. Let l(r) = -10*r - 3 + 5*r - 10*r**2 + 6*r + 3*r**2. Let a(k) = 8*l(k) + 5*w(k). Calculate a(2).
3
Let d(y) = y**3 - 11*y**2 + 10*y - 5. Suppose 0 = -24*k + 86 + 154. Determine d(k).
-5
Let y(x) be the second derivative of -x**5/20 - x**4/4 - 5*x**3/6 - 11*x**2/2 + x - 40. Determine y(-3).
4
Let c(y) = -2*y. Let j be c(-3). Let u(n) be the second derivative of n**4/12 - 7*n**3/6 + n**2 + 3*n - 2. What is u(j)?
-4
Let a(v) = -3*v + 11. Let p be a(3). Let n(b) = -5*b - p + b - 2*b. Let i be n(-1). Let q(o) = o**2 - 7*o. What is q(i)?
-12
Let c(z) = 28*z - 108*z**3 + 107*z**3 - 29*z + 7*z**2 + 3. Let j be 2/3 + (-38)/(-6). Determine c(j).
-4
Let r(y) = -3*y + 2. Let z = 33 + -30. Suppose -14*i - z = -15*i. What is r(i)?
-7
Let j(f) = -1 + 3*f**2 + 4*f + 3 + f**3 + 0. Let p(q) = -q**3 + 43*q**2 + 139*q - 48. Let i be p(46). What is j(i)?
-2
Suppose 0 = 5*l + 5*u + 10, u = -0*l + l + 8. Let a(h) = -h**3 - 4*h**2 + 2*h - 7. What is a(l)?
8
Suppose -2*k - 2*i - 2*i + 24 = 0, -i = -5*k + 5. Suppose 2 = -4*f + b, -f + k = b + 5. Let p(u) = 3 + 2*u**3 + 2*u - 2 - u. What is p(f)?
-2
Let x(l) = -l**2 - 8*l - 9. Let a be x(-6). Suppose 6*u - a = 5*u. Let f(z) = z**2 - 4*z**2 - 4*z + 0 - u. Give f(-2).
-7
Let p(z) = -z**3 + 12*z**2 - 10*z - 13. Let y = -95 + 95. Suppose 5*v + 7*v - 132 = y. Give p(v).
-2
Let g(o) = o**3 + 4*o - 1 + 0*o**2 - 3*o - o**2. Let k(p) = -p**3 - 12*p**2 - p - 12. Let b be (4 - (16 - -1)) + 1. Let u be k(b). Determine g(u).
-1
Let y(z) = z**2 + z. Let j(i) = -3*i**3 + 2*i**2 + 3*i. Let t(x) = -j(x) + 3*y(x). Calculate t(1).
4
Let i(m) = -m - 1. Suppose 0 = 3*t - k + 3*k - 52, 5*t + k = 82. Suppose -t = 3*b - 64. Suppose 5*p = 5*c + 20, 3*c + p = 5*p - b. Determine i(c).
-1
Let h(w) = -7*w**2 + 3*w - 4. Let f(o) = 3*o**2 - o + 2. Let p(s) = -5*f(s) - 2*h(s). Suppose 16*k = 43*k + 54. Calculate p(k).
-4
Let z(x) = -x**3 - 6*x**2 + 9*x - 1. Let m be (644/276)/(2/(-6)). What is z(m)?
-15
Let x(f) be the second derivative of f**6/360 - 5*f**4/24 + 13*f**3/6 + 4*f. Let c(h) be the second derivative of x(h). Give c(0).
-5
Let z(j) = 2*j**3 - 4*j**2 + 4*j - 3. Let a be z(2). Let x(f) = -2*f + 2 + 17*f**2 - 16*f**2 - 3. Calculate x(a).
14
Let a(p) = -p**3 - 2. Let m be 0 + (2 + 2 - -1). Suppose 9 = -2*n - 3*o - 8, -3*o - 38 = m*n. Let l be (n - -7)*1*-1. Calculate a(l).
-2
Let w(a) be the first derivative of -3*a**2/2 + 19*a - 711. Calculate w(12).
-17
Let i(a) = a - 7. Let q = 10 - 9. Let g(c) = c + 1. Let p(z) = q*i(z) + 2*g(z). Determine p(4).
7
Let b(o) = -o + 4*o**3 - 3*o**3 - 2*o**2 - 1 - o**2. Let x = 202 + -199. Calculate b(x).
-4
Let w(o) be the third derivative of -o**4/12 + o**3/6 + 3*o**2. Let c(j) = 5*j**2 - 38*j + 23. Let r be c(7). What is w(r)?
-3
Let h(a) = -a**3 + 8 - 499*a + 498*a - 2*a**2 + 6*a**2 - 3. Suppose 36 = k - 5*k. Let o = k - -13. Determine h(o).
1
Let g be (3/2)/(19/76). Let w(r) be the first derivative of r**2/2 - r - 3. Determine w(g).
5
Let x(g) = -16*g + 1. Let z = 439 + -440. Give x(z).
17
Let o(j) = -3*j**2 - 6*j - j + 0*j**2 - j**3 - 3*j**2. Suppose 13*b - 7*b = -30. Determine o(b).
10
Let z(y) = 3*y - 7. Let g(d) = d - 3. Let q(b) = 7*g(b) - 3*z(b). Suppose 0 = 2*l - 191 + 193. Determine q(l).
2
Let h = 9 - 12. Let k(g) = -3*g - 2. Let a(r) = -r - 1. Let b(x) = -5*a(x) + k(x). Calculate b(h).
-3
Let x(y) = 20*y + 5 + 17*y - 50*y + 15*y. Calculate x(4).
13
Let s(g) = -g + 1. Suppose -4 = -4*z, z = n + 5*z. Let i be 9/((-9)/(-4)) + n. What is s(i)?
1
Let l(w) = -w**3 - 4*w**2 + w - 1. Let s = 12 + -27. Let f = 12 + s. Give l(f).
-13
Let r(f) = 19*f**2 - 46*f + 2. Let p(y) = 7*y**2 - 16*y + 1. Let h(d) = -11*p(d) + 4*r(d). Suppose -2*a + m - 7 = 0, -2*a + 0*m = 4*m + 2. Give h(a).
12
Let g = 3 + -2. Let t(u) = -16*u**2 + 0*u + 0*u + 2*u + 3*u - 4*u. Calculate t(g).
-15
Let o = -26 + 32. Let r(a) = -a**3 + 7*a**2 - 8*a + 6. Give r(o).
-6
Let h(q) = -2*q**3 + 2*q**2 + q + 2. Let l = -13 + 18. Let k = 7 - l